t l(d) = d - 6. Let u be l(7). List the prime factors of (u - -68)/(-1 + 2).
3, 23
Let d = 53 + -24. Suppose -3*i + 4*s + d = -167, 3*i - 164 = -4*s. What are the prime factors of i?
2, 3, 5
Let q = -272 + 1144. What are the prime factors of q?
2, 109
Let z(t) = -9*t**3 - t**2 - t - 1. Let v = -12 + 11. Let p be z(v). Let d(g) = -g**2 + 10*g - 9. What are the prime factors of d(p)?
7
Let w(b) = b**3 + 6*b**2 - 9*b - 1. Let t be w(-7). Suppose f + n - t = 0, -9 = -2*f + 4*n + 5. What are the prime factors of f?
11
Let p = 10100 - 6991. What are the prime factors of p?
3109
Let x(n) = n**3 - 4*n**2 - 5*n + 3. Let i be x(5). List the prime factors of -7 + i + 49 + 0.
3, 5
Suppose 6*f + 775 = 5*m + 27719, 5*f + 2*m = 22441. List the prime factors of f.
67
Let s(y) = 111*y**2 - 45*y - 142. List the prime factors of s(-3).
2, 31
Let o = 2322 + -1643. List the prime factors of o.
7, 97
Let r(k) = k**3 + 10*k**2 + 9*k + 4. Let m(q) = q**2. Suppose 0*f - 5*f + 5 = 0. Let n(h) = f*r(h) - 2*m(h). List the prime factors of n(-6).
2, 11
Suppose 11*h - 7*h = 504. Let l = h + -70. What are the prime factors of l?
2, 7
Suppose 53*v = 69*v - 19600. What are the prime factors of v?
5, 7
Let q = 132 + 262. List the prime factors of q.
2, 197
Suppose -5 = u + i + 1, -5*u + i = 6. Let s = u + 50. List the prime factors of s.
2, 3
Suppose 217 = -7*v - 693. Let f = 158 + v. List the prime factors of f.
2, 7
What are the prime factors of -3205*27/(-90) + 10/4?
2, 241
Let q(c) be the third derivative of c**4/8 + c**3/3 + 29*c**2. List the prime factors of q(14).
2, 11
Suppose -7*t + 95 = -353. What are the prime factors of t?
2
Suppose -i + 29 + 4 = 3*f, -5*i - 11 = -f. Let p(z) = 2*z**2 - 11*z - 15. What are the prime factors of p(f)?
2, 53
Let h(j) be the third derivative of -j**5/60 - 17*j**4/24 - 2*j**3/3 - 19*j**2. What are the prime factors of h(-16)?
2, 3
List the prime factors of 2*25/(-5)*-74.
2, 5, 37
Suppose -a + 268 + 248 = 0. Suppose -8*v = -a - 20. What are the prime factors of v?
67
Suppose 0 = -j + 5, -152 = -2*l + 3*j + 51. Let c = l + -184. Let z = -45 - c. List the prime factors of z.
2, 3, 5
Suppose 4*h - 85 = 5*t, 4*h - 4*t - 74 - 6 = 0. Let l(z) = z - 1. Let n be l(h). Let k = n + 7. What are the prime factors of k?
3, 7
Suppose 5*b + 525 = -3*k + 2*b, -5*b + 193 = -k. Let x = -88 - k. List the prime factors of x.
2, 3, 5
List the prime factors of (-2188)/(-18) + -2 + 60/135.
2, 3, 5
Let s(u) = u**2 + 15*u + 15. Let v be s(-16). Suppose 0 = w + 4*x - 33, w + x - v = -w. What are the prime factors of w?
13
Let b be 1044 + (-4 + 0 + 5)*-4. Suppose 5*z - b = p, -2*p = 3 + 7. What are the prime factors of z?
3, 23
Suppose 4*c - 19393 = -7*c. List the prime factors of c.
41, 43
Let d(o) = 5*o**2 + 4*o - 4*o**2 - 16*o - 6. Let m(k) = k**2 - 13*k - 7. Let a(x) = -7*d(x) + 6*m(x). List the prime factors of a(4).
2
Let c(n) = 3*n + 15. Let y be (9 + -1)/(-1)*-1. What are the prime factors of c(y)?
3, 13
Suppose -2*l = -2*x - 1694, 7*l + 4*x - 852 = 6*l. What are the prime factors of l?
2, 53
What are the prime factors of 479/5 + 20/(-25)?
5, 19
Let o(c) = c**2 - 11*c - 9. Let a be o(12). Suppose -59 = a*w - 4*w. What are the prime factors of w?
59
What are the prime factors of (1*-1)/(82/(-246))?
3
Suppose 4*m = 7*m + 21. Let l = m - -3. List the prime factors of l/(-3)*18/12.
2
List the prime factors of -1 - ((-48124)/36 + (-14)/63).
2, 167
Suppose -6*b = -11*b + 35. Let g = b + 36. List the prime factors of g.
43
Let y(o) = -9*o + 8. Let i(d) = 17*d - 15. Let q(w) = -6*i(w) - 11*y(w). Let h be q(6). Let s(p) = -2*p - 12. List the prime factors of s(h).
2, 5
Suppose -6979 - 36951 = -23*t. What are the prime factors of t?
2, 5, 191
Let r be 4 - (22 - 4)/(-3). Let c = 26 - 1. Suppose 0 = 2*d + r, -h + d + c = -2*d. List the prime factors of h.
2, 5
Let j(d) = 11*d**3 - 35*d**2 + 17*d - 2. What are the prime factors of j(9)?
5, 11, 97
Let a(c) be the third derivative of -c**4/24 - 8*c**2. Let q = -10 - -6. What are the prime factors of a(q)?
2
Let j be 1/(3 - 62/21). Let z = 71 - j. What are the prime factors of z?
2, 5
Let r be (2 - 0) + -15 + 14. Let y(s) = 2*s**2 + 3*s - 3. Let x(d) = -d**3 + d**2 + d. Let n(m) = r*y(m) + x(m). What are the prime factors of n(2)?
3
Suppose a - 1237 = 5*s, -3*a - 4*s = a - 4828. Suppose 3*h = -9*h + a. What are the prime factors of h?
101
Suppose 0 = b - 21*b - 5060. Let r = b + 446. List the prime factors of r.
193
Let y(k) = 2*k**2 - 5*k. Let x(b) = -b**3 + b**2 - b + 1. Let z(w) = 2*x(w) - y(w). List the prime factors of z(-2).
2, 3
Suppose 2*j + 616 = -6*j. Let h = 144 + j. List the prime factors of h.
67
Let q(z) = -66*z + 46. What are the prime factors of q(-6)?
2, 13, 17
Let n = -134 + -36. List the prime factors of n/(-8) - (6/(-8))/(-3).
3, 7
Let o(d) = d**2 - 4*d - 29. Let a be o(8). What are the prime factors of (1404/60)/(a/15)?
3, 13
Let w(t) = -28*t + 96. What are the prime factors of w(-20)?
2, 41
Let j = -12 - -4. Let n be ((-2)/4)/(1/j). Suppose -l = 4*v - 12 - 4, -n*v + 64 = 4*l. What are the prime factors of l?
2
Suppose -8*u + 3*u + 3080 = 0. List the prime factors of u.
2, 7, 11
Let y(z) = z**2 + 12*z + 1. Let v be y(-10). Let j = -16 - v. Suppose -74 = -3*t - 5*b, 0*b = -4*t - j*b + 95. What are the prime factors of t?
23
Suppose 15 = 4*l + q, -5*l + l - 4*q = 0. Suppose -l*c - 35 = -110. What are the prime factors of 263/5 + 6/c?
53
Suppose -3*x - 7*x = -30. What are the prime factors of x?
3
Let f be 25/7 + (-24)/(-56). Suppose -4*w + f = -4. List the prime factors of 1/w*(-16)/(-2).
2
Suppose 5*u = i + 18, -3*u = 3*i - 4*i - 12. Let h be (-9)/3 - (0 + u). Let x(z) = z**2 + 5*z + 7. List the prime factors of x(h).
13
Suppose 5*j = -7 + 17. Suppose 0 = j*p - p - 4*y - 43, -y = -4. List the prime factors of p.
59
Let g(v) = 11*v**2 - v + 1. Let b be g(1). Let m = 12 - b. What are the prime factors of ((-62)/4)/m*-2?
31
Let w(j) = 3*j**3 - 7*j**2 - 6*j - 11. List the prime factors of w(6).
349
Let j = 96 - 94. Suppose -4*q + 2*m + 736 = 0, 0 = -0*m - j*m. List the prime factors of q.
2, 23
Let i be 61/6 + (-5)/30. Suppose 14*o = i*o + 656. What are the prime factors of o?
2, 41
Let k = 1092 + -406. What are the prime factors of k?
2, 7
Suppose -2*k + 5*f = 6*f - 11, -4*f - 11 = -3*k. Suppose 17 = c + k. Let v = 64 - c. List the prime factors of v.
2, 13
Let g(h) = h**3 + h**2 - h + 2. Let x be g(2). Suppose 0 = x*p - 7*p - 30. List the prime factors of 7/(21/p) - -62.
2
Suppose z = -z - 402. List the prime factors of z/(-4 + 3 + (-1)/2).
2, 67
Let w = 7918 + -4017. What are the prime factors of w?
47, 83
Let c = 13 + -11. Suppose 4*h - c*l = -4, -2*l - 3*l - 10 = 0. List the prime factors of 19 - (0 + h)/(-1).
17
Let f = -106 - -575. What are the prime factors of f?
7, 67
Suppose -c - 5*o + 3872 = 0, 28*c - 30*c - o + 7789 = 0. List the prime factors of c.
3, 433
Let r(z) = 2*z**3 + 120*z**2 - 49*z - 106. List the prime factors of r(-60).
2, 13, 109
Suppose 4*z + 1 = 1. Suppose w - 2*v - 108 = 0, z*w = w - v - 108. What are the prime factors of w?
2, 3
Suppose -91 = 4*b + 1. Let i = -21 - b. Suppose -c + i*c = -3*x + 23, 5*x - 29 = -c. What are the prime factors of c?
2, 7
Suppose 14*k + 33*k = 28999. List the prime factors of k.
617
What are the prime factors of 1897/28*20 - -4?
3, 151
Let o be 34/6 + (-2)/(-6). Suppose 2*u + 12 = o*u. Suppose -2*y + 40 = -2*r, u*y - 8*y = 2*r - 79. List the prime factors of y.
17
Suppose 3 - 1 = g, -5*u - 3*g + 31 = 0. Suppose u*d - 2*d = -15, 2*t - 2*d - 24 = 0. List the prime factors of t.
7
Let k(t) = 2*t**3 + 0*t**3 - 1 + t**2 + 0*t**3 + t. Let h be 10/6 - 4*9/(-108). What are the prime factors of k(h)?
3, 7
Suppose -2*j - 5*t - 19 = -4*j, 14 = j - 4*t. Suppose -j*a + 189 = 3*i, 2*a + 184 - 48 = 2*i. What are the prime factors of i?
5, 13
Let m = -67 - -99. Suppose 0 = 26*b - m*b + 756. What are the prime factors of b?
2, 3, 7
Suppose k = 5*o - 23 - 13, 4*o + 5*k = 23. Suppose o*a + 372 = 11*a. What are the prime factors of a?
3, 31
Suppose -6*d + 7674 = -5592. What are the prime factors of d?
3, 11, 67
Let h(w) = 11*w - 7. Let p be h(-10). Let i = 207 + p. What are the prime factors of i?
2, 3, 5
Let y(a) = a**3 - 16 - 5*a**2 + 7 + 9*a + 4*a - 7*a. What ar